?
False
Suppose -4*h + 5*t - 20 = 0, 0 = -3*h + 5*t - 4 - 16. Suppose -q + 257 = -h*q. Is q composite?
False
Suppose -2*i - 245 = 5*z, -39 - 10 = z + 3*i. Let c = 43 + -127. Let o = z - c. Is o a prime number?
False
Let x(t) = -t**2 - 28*t - 4. Suppose -2*o + 33 = -3*p - 0*o, -4*p = -5*o + 37. Is x(p) a prime number?
True
Suppose -142791 + 2150973 = 66*a. Is a prime?
True
Suppose -3*a = 2*q - 11827, -19713 = -12*a + 7*a - 4*q. Is a a prime number?
False
Let p(r) = -2*r - 4. Let j be p(-5). Suppose 4*q = -5*d + 4845, -d - j*q + q = -948. Is d composite?
True
Let b(d) = d**3 + 7*d**2 + 5*d - 6. Let m be b(-6). Let l be (m - -1)/((-4)/(-16)). Suppose -4*p = -2*k + l*k - 488, 4*k = 2*p - 254. Is p a prime number?
False
Let q(b) = 419*b**2 - 5*b + 1. Suppose 12*x + 14 = 26*x. Is q(x) composite?
True
Let k = 5814 - 1978. Let g = 28 - 20. Is k/g + (-6)/(-4) a prime number?
False
Is 1506*((-104)/(-24))/13 a prime number?
False
Suppose -2*c + 0 + 4 = 0. Suppose 3*j = -c*j + 235. Is j composite?
False
Suppose 5*k + 5*w + 50 = w, 4*k + 3*w = -39. Let j be (-16)/(-7) + k/21. Suppose -j*x + 1465 = 3*x. Is x a prime number?
True
Let d be (-437)/(-92) + 6/(-8). Suppose -4*q + 2*q = -d*v + 800, 5*q = 10. Is v a composite number?
True
Let p be (-632)/(-18) + (-4)/36. Let u = p + -31. Suppose 0*c = u*c - 1016. Is c prime?
False
Let t = 2517 - -1430. Is t a prime number?
True
Let z(i) = 119*i - 5. Suppose -4*l - 4 = 2*q, 1 = 3*q - 5. Let j = l - -8. Is z(j) a composite number?
False
Let v = -36 - -155. Suppose 0 = m + 4*u - v, 5*m + 3*u = 86 + 475. Is m composite?
True
Suppose p - 1869 = -2*p. Is (p/(-14))/(2/(-4)) a prime number?
True
Suppose -2*i - 3*n = -8*n - 571, 4*i - 4*n - 1160 = 0. Is i a prime number?
True
Let c(z) = 242*z + 3. Let n(a) = a + 19. Let h(j) = 2*j + 20. Let r(d) = -3*h(d) + 4*n(d). Let y be r(7). Is c(y) composite?
False
Is (-5)/(90/32427)*2/(-3) a prime number?
True
Suppose -j - h - 10 = h, 0 = 3*j - 3*h + 3. Let s(r) = -12*r**3 - 5*r**2 + 9*r + 21. Is s(j) composite?
False
Let w = 105 + -75. Let f(z) = 2*z**2 - 18*z - 22. Is f(w) a composite number?
True
Let p(j) = -10*j**2 - j. Let t(c) = -40*c**2 - 4*c. Let h(i) = 9*p(i) - 2*t(i). Let w be h(1). Let z(a) = a**3 + 15*a**2 - 5*a + 2. Is z(w) composite?
False
Let g be 0/((-12)/3) + 0. Suppose -2*f + 5 - 165 = g. Let z = 267 + f. Is z a prime number?
False
Let d be 0*(2/(-4) - 0). Suppose 5*f = -2*u - 25, 4*f + 11 = 2*u - 9. Suppose -4*z + d*z + 232 = u. Is z a composite number?
True
Suppose y = 5*o - 103051, -2*o + 2*y = -7800 - 33414. Is o composite?
False
Let i(p) = 3779*p**2 - p + 1. Is i(1) composite?
False
Let b = 28014 - -6707. Is b a prime number?
True
Let z be (-9)/36 + (-1)/(-4). Is 3/(15/(-20)) + (3911 - z) prime?
True
Suppose 0 = -2*j + 1745 - 517. Suppose -4*t - t + 614 = d, -j = -d - 4*t. Is d a composite number?
True
Suppose -142*k + 144*k - 8716 = 0. Is k a composite number?
True
Let l(n) = 22*n + 7. Let s be l(-10). Let x = 1186 - s. Is x a prime number?
True
Let f(u) = -4*u**3 - 13*u**2 + 4*u + 3. Is f(-13) composite?
True
Suppose -6 = 2*r - 5*r - 5*y, 3*y = -2*r + 4. Suppose 1210 + 1690 = r*v. Suppose 5*k - v = 145. Is k a composite number?
True
Let y be 3/2*3592/(-3). Let r = 2709 + y. Is r prime?
False
Let q(t) = -t**2 - 4*t + 1. Let b be q(-4). Is b/(5/(-5420)*-4) composite?
False
Suppose 2*o + 12857 = 3*t, 3*o - 4*o = -4*t + 17151. Is t prime?
True
Let g(u) = -6 + 2 + u**2 - 4. Let w be g(15). Let s = -111 + w. Is s composite?
True
Let z = -3 - -1. Let x be z/(-4)*6*2. Is ((-4)/x)/(2/(-1113)) composite?
True
Let g be 4110/9 - 2/(-6). Suppose 2*u - 897 = g. Is u a composite number?
False
Let w(z) = z**3 - 3*z**2 + 2*z - 1. Let q be w(4). Let g = q - 18. Suppose 0 = l - 2*s + 50 - 251, g*l - 2*s - 1045 = 0. Is l a prime number?
True
Let n = 284 + 389. Is n composite?
False
Suppose 0 = -5*f - 2*f + 13811. Is f a composite number?
False
Is -5 + (3190858/44 - 1/(-2)) prime?
False
Let q be ((-261)/58)/((-2)/788). Is (-12)/42 + q/7 a prime number?
False
Let f(s) = 4 + 7 + s - 1. Let t be f(-7). Suppose -t*k = -288 + 33. Is k composite?
True
Let f(p) = 245*p**3 - p**2 + 6*p - 4. Let r be f(2). Suppose 4*s = -2*y + 3912, 4*s - 2*s - 3*y = r. Is s prime?
False
Suppose 101*m - 104*m + 2274 = 0. Let r = 15 + 1. Suppose -r*l + 18*l = m. Is l prime?
True
Suppose 8832 - 2681 = 2*b - h, 4*b = 3*h + 12299. Is b a prime number?
False
Suppose -3*r + 238 = -8. Let l = -35 + r. Is l prime?
True
Let y(t) = -t**3 - 19*t**2 + 20*t. Let n be y(-20). Let k(r) = 3*r**2 - 2*r**2 + 53 + 2*r + 3*r**3 - 4*r**3. Is k(n) a prime number?
True
Let k(s) = s**3 + 15*s**2 - 14*s + 25. Is k(-15) a prime number?
False
Suppose 0 = 4*v - 2*a - 134, -v = -a + 2*a - 41. Suppose 2*b = -2*q - 18, 2*q - b - 3*b + 30 = 0. Let f = q + v. Is f a prime number?
False
Let j(q) = -662*q + 1. Let b(h) = -5*h - 38. Let o be b(-7). Is j(o) composite?
False
Suppose 0*t + 3 = -3*v - 3*t, -4*v = 3*t - 1. Suppose -j + 0*d = -d - 330, 2*d + 1322 = v*j. Is j a composite number?
False
Let o(b) = b + 10. Let n be o(10). Let g be (-14)/21 + n/3. Suppose 4*y = -2*m + 3454, g*m = y + 2*m - 877. Is y a composite number?
True
Suppose 0 - 20 = -4*p. Suppose p*u - 9 = -b, -u = -b - 2*u + 17. Is b prime?
True
Let y(w) = 218*w**2 - 52*w + 71. Is y(-19) composite?
False
Let o(u) = u**2 + 8*u - 2. Let p(s) = -9*s + 2. Let j(h) = 6*o(h) + 5*p(h). Is j(-5) a prime number?
False
Let d be (9/6)/((-6)/(-20)). Suppose d*s - 4 - 6 = 0. Is (0 + 3 - s)*79 a prime number?
True
Suppose 37*q - 255724 = 9*q. Is q composite?
False
Let b(d) = 337*d - 14. Is b(1) composite?
True
Suppose -91307 = -2*x - o + 28211, -5*o = -2*x + 119518. Is x prime?
False
Let h(x) = -2*x**3 - 8*x**2 - 7*x - 3. Let l be h(-5). Suppose 7278 = 4*k + l. Is k prime?
False
Let t(n) = -n**3 - 13*n**2 - 11*n + 14. Let d be t(-12). Suppose 3*i - x = 12, 4*i - 4*x = 2*i - d. Suppose -8*o = -i*o - 1074. Is o prime?
False
Let x(z) be the third derivative of z**6/24 - z**5/30 + z**4/12 + 5*z**2. Let r be x(2). Suppose m + 5*l + r = 2*m, 4*m = -4*l + 96. Is m a composite number?
True
Let o(s) = 717*s**2 + 168*s - 2. Is o(5) prime?
False
Suppose 34 + 31 = 5*m. Suppose -29 + m = -t. Let w = t - 2. Is w composite?
True
Let q = 306 - -749. Is q a prime number?
False
Let a = 8 + -65. Let r = -156 - -322. Let s = a + r. Is s composite?
False
Suppose 4*w + 55*x - 183343 = 60*x, 3*w - 137501 = 5*x. Is w prime?
False
Let r be (3 - 1)*(-285)/10. Let z = 28 - r. Is z a prime number?
False
Let p(a) = -1 + 6 - 2 - a. Let x be p(5). Is -1*(5 - x)*-17 a prime number?
False
Suppose v + 205 - 416 = 0. Is v composite?
False
Let m be 0 + 2 + 3/3. Suppose -446 = m*i + 7. Let r = -60 - i. Is r a composite number?
True
Let c(w) = 6*w - 8. Let r be c(12). Let d(p) = 2 - 5 + 2 - r*p. Is d(-5) composite?
True
Let u(c) = c**3 - 2*c**2 - 4*c + 3. Let h be u(3). Let n(p) = -3*p + 86. Is n(h) a composite number?
True
Suppose -3*t + 6*t = 3*d + 363, 4*t = d + 490. Let y = t - 19. Suppose -3*k + y = -379. Is k composite?
True
Let l(a) = -a**3 + 2*a**2 + 161. Let x be l(0). Let w = 37 - x. Let v = w - -211. Is v a prime number?
False
Suppose -3*u - 3*l - 15 = 0, 2*u + 0*u = l - 22. Let w(z) = -4*z**3 - 12*z**2 - 2*z + 5. Is w(u) a composite number?
True
Let z(g) = 1867*g. Is z(7) a composite number?
True
Let r be (14066/39)/(-1 + 4/3). Suppose 3*z = z + r. Is z a prime number?
True
Is (145/(-15) + 9)*(-118434)/4 a prime number?
True
Suppose -3*r = -4*r + 6. Suppose 0 = r*h - 3*h + 2*b - 1753, -h - 2*b + 579 = 0. Is h prime?
True
Suppose -13*k + 34971 = -12*k. Is k prime?
False
Let a be (-4)/(-8) - (-5)/2. Suppose a*z - 532 = 7*z. Let r = 207 + z. Is r prime?
False
Let p(j) = j**3 + 2*j**2 - 4*j + 4. Suppose 0 = 4*v + 2*r + 22, -v = -0*v + 4*r + 23. Is p(v) composite?
False
Suppose 3*i + 5*m + 50 = -2*i, 0 = i - 5*m - 20. Let t be (-1)/(-5) + 26/i. Is 33/(-55) + (-278)/t composite?
True
Suppose 0 = -2*q + 8, 3*b - q - 884 - 810 = 0. Let r be ((-3)/(-6))/((-2)/1228). Let s = r + b. Is s composite?
True
Let d(b) be the first derivative of -b**4/4 + 3*b**3 - 5*b**2/2 + 2*b - 7. Let r be d(7). Is 9438/r + 4/5 a composite number?
True
Suppose -11 = -5*h - 6. Let k be 4*(h + 129/12). Suppose k = 2*t - 455. Is t a composite 